{"id":127,"date":"2017-07-05T18:21:45","date_gmt":"2017-07-05T16:21:45","guid":{"rendered":"https:\/\/www.gotha3.de\/forschungsblog\/?page_id=127"},"modified":"2020-12-08T15:26:36","modified_gmt":"2020-12-08T14:26:36","slug":"impressum","status":"publish","type":"page","link":"https:\/\/www.gotha3.de\/forschungsblog\/uber-diesen-blog\/impressum","title":{"rendered":"Impressum"},"content":{"rendered":"<p>Der Blog Forschen in Gotha wird betrieben vom <a href=\"https:\/\/www.gotha3.de\/forschungsblog\/forschen-in-gotha\/forschungszentrum-gotha-der-universitat-erfurt\">Forschungszentrum Gotha der Universit\u00e4t Erfurt<\/a>. Die Verantwortung f\u00fcr das Webangebot liegt\u00a0 bei der Universit\u00e4t Erfurt.<\/p>\n<p>Die <strong>Universit\u00e4t Erfurt<\/strong> ist eine K\u00f6rperschaft des \u00f6ffentlichen Rechts. Sie wird durch Prof. Dr. Walter Bauer-Wabnegg, den Pr\u00e4sidenten der Universit\u00e4t Erfurt, gesetzlich vertreten.<\/p>\n<p>Postanschrift:<br \/>\nUniversit\u00e4t Erfurt<br \/>\nNordh\u00e4user Stra\u00dfe 63<br \/>\n99089 Erfurt<\/p>\n<p>Telefon: +49 361 737-5000<br \/>\nTelefax: +49 361 737-5019<\/p>\n<p>USt-Id-Nr: DE 811 627 407<\/p>\n<p>Die zust\u00e4ndige Aufsichtsbeh\u00f6rde ist das<\/p>\n<p>Ministerium f\u00fcr Bildung, Wissenschaft und Kultur<br \/>\nWerner-Seelenbinder Stra\u00dfe 7<br \/>\n99096 Erfurt<\/p>\n<p><strong>Disclaimer:<\/strong><br \/>\nTrotz sorgf\u00e4ltiger inhaltlicher Kontrolle \u00fcbernehmen wir keine Haftung f\u00fcr die Inhalte externer Links. F\u00fcr den Inhalt der verlinkten Seiten sind ausschlie\u00dflich deren Betreiber verantwortlich.<\/p>\n<p><strong>Webtracker:<\/strong><br \/>\nAuf dieser Website werden mittels Google Analytics Daten zur Optimierung und Analyse unseres Webangebotes erhoben. Dies schlie\u00dft unter Umst\u00e4nden auch die Verwendung von Cookies ein, die ebenfalls Daten in pseudonymer Form sammeln und speichern. Keinesfalls werden die Daten zur pers\u00f6nlichen Identifizierung eines Besuchers verwendet oder in Zusammenhang mit den Daten \u00fcber den Tr\u00e4ger eines Pseudonyms gebracht.<\/p>\n","protected":false},"excerpt":{"rendered":"<p>Der Blog Forschen in Gotha wird betrieben vom Forschungszentrum Gotha der Universit\u00e4t Erfurt. Die Verantwortung f\u00fcr das Webangebot liegt\u00a0 bei der Universit\u00e4t Erfurt. Die Universit\u00e4t Erfurt ist eine K\u00f6rperschaft des \u00f6ffentlichen Rechts. Sie wird durch Prof. Dr. Walter Bauer-Wabnegg, den Pr\u00e4sidenten der Universit\u00e4t Erfurt, gesetzlich vertreten. Postanschrift: Universit\u00e4t Erfurt Nordh\u00e4user Stra\u00dfe 63 99089 Erfurt Telefon: &hellip; <\/p>\n<p class=\"link-more\"><a href=\"https:\/\/www.gotha3.de\/forschungsblog\/uber-diesen-blog\/impressum\" class=\"more-link\"><span class=\"screen-reader-text\">\u201eImpressum\u201c<\/span> weiterlesen<\/a><\/p>\n","protected":false},"author":2,"featured_media":0,"parent":2521,"menu_order":0,"comment_status":"closed","ping_status":"closed","template":"","meta":[],"post_mailing_queue_ids":[],"_links":{"self":[{"href":"https:\/\/www.gotha3.de\/forschungsblog\/wp-json\/wp\/v2\/pages\/127"}],"collection":[{"href":"https:\/\/www.gotha3.de\/forschungsblog\/wp-json\/wp\/v2\/pages"}],"about":[{"href":"https:\/\/www.gotha3.de\/forschungsblog\/wp-json\/wp\/v2\/types\/page"}],"author":[{"embeddable":true,"href":"https:\/\/www.gotha3.de\/forschungsblog\/wp-json\/wp\/v2\/users\/2"}],"replies":[{"embeddable":true,"href":"https:\/\/www.gotha3.de\/forschungsblog\/wp-json\/wp\/v2\/comments?post=127"}],"version-history":[{"count":17,"href":"https:\/\/www.gotha3.de\/forschungsblog\/wp-json\/wp\/v2\/pages\/127\/revisions"}],"predecessor-version":[{"id":4978,"href":"https:\/\/www.gotha3.de\/forschungsblog\/wp-json\/wp\/v2\/pages\/127\/revisions\/4978"}],"up":[{"embeddable":true,"href":"https:\/\/www.gotha3.de\/forschungsblog\/wp-json\/wp\/v2\/pages\/2521"}],"wp:attachment":[{"href":"https:\/\/www.gotha3.de\/forschungsblog\/wp-json\/wp\/v2\/media?parent=127"}],"curies":[{"name":"wp","href":"https:\/\/api.w.org\/{rel}","templated":true}]}}