{"id":2,"date":"2017-07-04T14:24:30","date_gmt":"2017-07-04T12:24:30","guid":{"rendered":"https:\/\/www.gotha3.de\/forschungsblog\/?page_id=2"},"modified":"2017-09-29T09:37:28","modified_gmt":"2017-09-29T07:37:28","slug":"forschen-in-gotha","status":"publish","type":"page","link":"https:\/\/www.gotha3.de\/forschungsblog\/forschen-in-gotha","title":{"rendered":"Akteure"},"content":{"rendered":"<h2>Hochrangige Sammlungen auf Schloss Friedenstein<\/h2>\n<p>Gotha verf\u00fcgt \u00fcber einzigartige Sammlungsbest\u00e4nde aus den letzten vier Jahrhunderten. Das hat vor allem damit zu tun, dass das Herrscherhaus bem\u00fcht war, aus dem 1640 aus der Taufe gehobenen Territorium in einem Prozess der Wissensakkumulation und der verwaltungstechnischen Durchdringung ein Musterterritorium zu machen. Hierzu kam der Erwerb ganzer Sammlungen in immer wieder genuiner Begeisterung der Regenten f\u00fcr eine neue Materie des Interesses. Gotha verf\u00fcgt heute \u00fcber eine der besten Bibliotheken der fr\u00fchen Neuzeit im deutschsprachige Raum, bereichert mit Best\u00e4nden wichtiger Reformationsschriften. Gothas Sammlungen antiker M\u00fcnzen gewannen Strahlkraft wie die fortlaufende Sammlung von Orientalia. Naturkundliche Objekte und Instrumente wurden zum neuen Schwerpunkt des landesherrlichen Interesse im ausgehenden 18. Jahrhundert.<\/p>\n<figure id=\"attachment_2298\" aria-describedby=\"caption-attachment-2298\" style=\"width: 4000px\" class=\"wp-caption aligncenter\"><img decoding=\"async\" loading=\"lazy\" class=\"wp-image-2298 size-full\" src=\"https:\/\/www.gotha3.de\/forschungsblog\/wp-content\/uploads\/2017\/07\/Gotha-Schloss-Schneckenhaeuser.jpg\" alt=\"\" width=\"4000\" height=\"3000\" srcset=\"https:\/\/www.gotha3.de\/forschungsblog\/wp-content\/uploads\/2017\/07\/Gotha-Schloss-Schneckenhaeuser.jpg 4000w, https:\/\/www.gotha3.de\/forschungsblog\/wp-content\/uploads\/2017\/07\/Gotha-Schloss-Schneckenhaeuser-300x225.jpg 300w, https:\/\/www.gotha3.de\/forschungsblog\/wp-content\/uploads\/2017\/07\/Gotha-Schloss-Schneckenhaeuser-768x576.jpg 768w, https:\/\/www.gotha3.de\/forschungsblog\/wp-content\/uploads\/2017\/07\/Gotha-Schloss-Schneckenhaeuser-1024x768.jpg 1024w\" sizes=\"(max-width: 767px) 89vw, (max-width: 1000px) 54vw, (max-width: 1071px) 543px, 580px\" \/><figcaption id=\"caption-attachment-2298\" class=\"wp-caption-text\">Verzierte Nautilus-Schalen aus der Kunstkammer des Schlosses Friedenstein<\/figcaption><\/figure>\n<p>Gothas Best\u00e4nde sind nicht nur weitgehend intakt geblieben. Anschaffungen wurden archivalisch dokumentiert und wieder und wieder durchdrungen. Der Forschungsstandort verf\u00fcgt \u00fcber die Sammlungen und ihre eigene kontinuierliche Dokumentation.<\/p>\n<h2>Ausgriff auf die Welt<\/h2>\n<p>Mit dem 19. Jahrhundert gewann die Stadt als Wissensstandort neue Dimensionen: Der Verlag Justus Perthes entwickelte sich binnen weniger Jahrzehnte zum Weltmarktf\u00fchrer geographischen und kartographischen Wissens. Die Sammlung Perthes birgt ein komplexes Verlagsarchiv mit Kartenwerken und der umfassenden Korrespondenz, die es dem Verlag erm\u00f6glichte, Informationen aus erster Hand von Forschungsreisenden in aller Welt zu akkumulieren und zu verarbeiten.<\/p>\n<figure id=\"attachment_200\" aria-describedby=\"caption-attachment-200\" style=\"width: 631px\" class=\"wp-caption aligncenter\"><img decoding=\"async\" loading=\"lazy\" class=\"wp-image-200 size-full\" src=\"https:\/\/www.gotha3.de\/forschungsblog\/wp-content\/uploads\/2013\/03\/perthes-nordpol.jpg\" alt=\"\" width=\"631\" height=\"800\" srcset=\"https:\/\/www.gotha3.de\/forschungsblog\/wp-content\/uploads\/2013\/03\/perthes-nordpol.jpg 631w, https:\/\/www.gotha3.de\/forschungsblog\/wp-content\/uploads\/2013\/03\/perthes-nordpol-237x300.jpg 237w\" sizes=\"(max-width: 631px) 100vw, 631px\" \/><figcaption id=\"caption-attachment-200\" class=\"wp-caption-text\">Karte des Nordpols aus der Sammlung Perthes<\/figcaption><\/figure>\n<h2 class=\"mceTemp\">Forschungseinrichtungen in Gotha<\/h2>\n<p>Die Gothaer Best\u00e4nde, zu denen auch Archivalien der Verwaltung des Territoriums hinzuzurechnen sind, blieben von gr\u00f6\u00dferen Verlusten verschont. Sechs Einrichtungen machen die Best\u00e4nde zug\u00e4nglich und widmen sich ihrer Erforschung:<\/p>\n<ul>\n<li>Die Forschungsbibliothek Gotha, <a href=\"https:\/\/www.uni-erfurt.de\/bibliothek\/fb\/\">Homepage<\/a>, Beitr\u00e4ge <a href=\"https:\/\/www.gotha3.de\/forschungsblog\/archives\/category\/institutionen\/forschungsbibliothek\">hier im Blog<\/a><\/li>\n<li>Das Forschungszentrum Gotha, <a href=\"https:\/\/www.uni-erfurt.de\/forschungszentrum-gotha\/\">Homepage<\/a>, Beitr\u00e4ge <a href=\"https:\/\/www.gotha3.de\/forschungsblog\/archives\/category\/institutionen\/fzg-nachrichten\">hier im Blog<\/a><\/li>\n<li>Die Stiftung Schloss Friedenstein Gotha, <a href=\"http:\/\/www.stiftungfriedenstein.de\/\">Homepage<\/a>, Beitr\u00e4ge hier im Blog<\/li>\n<li>Das Landesarchiv Th\u00fcringen &#8211; Staatsarchiv Gotha, <a href=\"http:\/\/www.archive-in-thueringen.de\/archiv\/view\/id\/212\">Homepage<\/a><\/li>\n<li>Das Stadtarchiv Gotha, <a href=\"http:\/\/www.archive-in-thueringen.de\/archiv\/view\/id\/227\">Homepage<\/a><\/li>\n<\/ul>\n<p><iframe loading=\"lazy\" style=\"border: 0;\" src=\"https:\/\/www.google.com\/maps\/embed?pb=!1m14!1m12!1m3!1d13683.93661221364!2d10.699774999999997!3d50.945435249999996!2m3!1f0!2f0!3f0!3m2!1i1024!2i768!4f13.1!5e1!3m2!1sen!2sus!4v1499275886970\" width=\"600\" height=\"450\" frameborder=\"0\" allowfullscreen=\"allowfullscreen\"><\/iframe><\/p>\n<h2>Kurze Wege, vernetzte Forschung<\/h2>\n<p>Die Best\u00e4nde und die Forschungsinteressen dieser Institutionen erg\u00e4nzen und durchdringen sich. F\u00fcr Forscher mit Interesse an der Geschichte der Neuzeit und an einem exemplarischen Ort deutscher Geschichte bietet Gotha bei kurzen Wegen und schneller Kommunikation vor Ort ideale Arbeitsbedingungen, und das hat nicht nur mit dem Interesse der Stadt zu tun, sich als &#8222;Barockes Universum&#8220; wenigstens einmal im Jahr mit einem gro\u00dfen kollektiven Verkleidungsfest als geschichtstr\u00e4chtiger Ort zu inszenieren.<\/p>\n<figure id=\"attachment_2302\" aria-describedby=\"caption-attachment-2302\" style=\"width: 2000px\" class=\"wp-caption aligncenter\"><img decoding=\"async\" loading=\"lazy\" class=\"wp-image-2302 size-full\" src=\"https:\/\/www.gotha3.de\/forschungsblog\/wp-content\/uploads\/2017\/07\/2016-Gotha-von-St.-Margarethen.jpg\" alt=\"\" width=\"2000\" height=\"1500\" srcset=\"https:\/\/www.gotha3.de\/forschungsblog\/wp-content\/uploads\/2017\/07\/2016-Gotha-von-St.-Margarethen.jpg 2000w, https:\/\/www.gotha3.de\/forschungsblog\/wp-content\/uploads\/2017\/07\/2016-Gotha-von-St.-Margarethen-300x225.jpg 300w, https:\/\/www.gotha3.de\/forschungsblog\/wp-content\/uploads\/2017\/07\/2016-Gotha-von-St.-Margarethen-768x576.jpg 768w, https:\/\/www.gotha3.de\/forschungsblog\/wp-content\/uploads\/2017\/07\/2016-Gotha-von-St.-Margarethen-1024x768.jpg 1024w\" sizes=\"(max-width: 767px) 89vw, (max-width: 1000px) 54vw, (max-width: 1071px) 543px, 580px\" \/><figcaption id=\"caption-attachment-2302\" class=\"wp-caption-text\">Blick von St. Magarethen \u00fcber die Stadt hinweg, links das Schloss<\/figcaption><\/figure>\n<p>Forschungsbibliothek und Forschungszentrum sind Ableger der Universit\u00e4t Erfurt. Von hier aus werden Forscher vor Ort betreut. Die Aufgabe des Forschungszentrums ist es, in diesem institutionellen Gef\u00fcge Stipendien anzubieten und Forschungsaufenthalte zu organisieren. Die Fachleute der einzelnen Institutionen bieten die klareren Informationen \u00fcber die zum Teil eng verflochtenen \u00dcberlieferungen an.<\/p>\n","protected":false},"excerpt":{"rendered":"<p>Hochrangige Sammlungen auf Schloss Friedenstein Gotha verf\u00fcgt \u00fcber einzigartige Sammlungsbest\u00e4nde aus den letzten vier Jahrhunderten. Das hat vor allem damit zu tun, dass das Herrscherhaus bem\u00fcht war, aus dem 1640 aus der Taufe gehobenen Territorium in einem Prozess der Wissensakkumulation und der verwaltungstechnischen Durchdringung ein Musterterritorium zu machen. Hierzu kam der Erwerb ganzer Sammlungen in &hellip; <\/p>\n<p class=\"link-more\"><a href=\"https:\/\/www.gotha3.de\/forschungsblog\/forschen-in-gotha\" class=\"more-link\"><span class=\"screen-reader-text\">\u201eAkteure\u201c<\/span> weiterlesen<\/a><\/p>\n","protected":false},"author":2,"featured_media":0,"parent":0,"menu_order":0,"comment_status":"closed","ping_status":"closed","template":"","meta":[],"post_mailing_queue_ids":[],"_links":{"self":[{"href":"https:\/\/www.gotha3.de\/forschungsblog\/wp-json\/wp\/v2\/pages\/2"}],"collection":[{"href":"https:\/\/www.gotha3.de\/forschungsblog\/wp-json\/wp\/v2\/pages"}],"about":[{"href":"https:\/\/www.gotha3.de\/forschungsblog\/wp-json\/wp\/v2\/types\/page"}],"author":[{"embeddable":true,"href":"https:\/\/www.gotha3.de\/forschungsblog\/wp-json\/wp\/v2\/users\/2"}],"replies":[{"embeddable":true,"href":"https:\/\/www.gotha3.de\/forschungsblog\/wp-json\/wp\/v2\/comments?post=2"}],"version-history":[{"count":36,"href":"https:\/\/www.gotha3.de\/forschungsblog\/wp-json\/wp\/v2\/pages\/2\/revisions"}],"predecessor-version":[{"id":2827,"href":"https:\/\/www.gotha3.de\/forschungsblog\/wp-json\/wp\/v2\/pages\/2\/revisions\/2827"}],"wp:attachment":[{"href":"https:\/\/www.gotha3.de\/forschungsblog\/wp-json\/wp\/v2\/media?parent=2"}],"curies":[{"name":"wp","href":"https:\/\/api.w.org\/{rel}","templated":true}]}}