{"id":2320,"date":"2017-08-11T11:56:40","date_gmt":"2017-08-11T09:56:40","guid":{"rendered":"https:\/\/www.gotha3.de\/forschungsblog\/?page_id=2320"},"modified":"2025-03-28T12:19:39","modified_gmt":"2025-03-28T11:19:39","slug":"matthias-rekow","status":"publish","type":"page","link":"https:\/\/www.gotha3.de\/forschungsblog\/matthias-rekow","title":{"rendered":"Dr. Matthias Rekow, Dipl.-Ing. (FH)"},"content":{"rendered":"<div style=\"text-align: left;\">&#8230; nimmt im Rahmen des Verbunds eine Sondierung der handschriftlichen \u00dcberlieferung zu den naturwissenschaftlichen Aktivit\u00e4ten auf Schloss Friedenstein vor und erschlie\u00dft die Materialien in der Forschungsbibliothek und im Staatsarchiv Gotha. Er studierte Vermessungswesen an der HTW Dresden (FH) und Neuere und Neueste Geschichte, Politikwissenschaft sowie\u00a0 Wirtschafts- und Sozialgeschichte an der TU Dresden. Seine Forschungsinteressen liegen im Bereich der Geschichte von Geod\u00e4sie und Kartographie, Religion und Staatsbildung in der Fr\u00fchen Neuzeit sowie in den \u201eZusammenbruchsgesellschaften\u201c des 20. Jahrhunderts. Weiter zum <a href=\"https:\/\/www.gotha3.de\/forschungsblog\/matthias-rekow\/mehr-zu-matthias-rekow\">wissenschaftlichen Profil hier auf gotha3.de<\/a> oder auf <a href=\"http:\/\/uni-erfurt.academia.edu\/MatthiasRekow\">Academia.edu<\/a>.<\/div>\n<p><img decoding=\"async\" loading=\"lazy\" class=\"aligncenter wp-image-2466 size-full\" src=\"https:\/\/www.gotha3.de\/forschungsblog\/wp-content\/uploads\/2017\/08\/Matthias_Rekow_2017_01.jpg\" alt=\"\" width=\"1772\" height=\"1181\" srcset=\"https:\/\/www.gotha3.de\/forschungsblog\/wp-content\/uploads\/2017\/08\/Matthias_Rekow_2017_01.jpg 1772w, https:\/\/www.gotha3.de\/forschungsblog\/wp-content\/uploads\/2017\/08\/Matthias_Rekow_2017_01-300x200.jpg 300w, https:\/\/www.gotha3.de\/forschungsblog\/wp-content\/uploads\/2017\/08\/Matthias_Rekow_2017_01-768x512.jpg 768w, https:\/\/www.gotha3.de\/forschungsblog\/wp-content\/uploads\/2017\/08\/Matthias_Rekow_2017_01-1024x682.jpg 1024w\" sizes=\"(max-width: 767px) 89vw, (max-width: 1000px) 54vw, (max-width: 1071px) 543px, 580px\" \/><\/p>\n<h2>Kontakt:<\/h2>\n<p>Forschungsbibliothek Gotha<br \/>\nSchloss Friedenstein<br \/>\nSchlossplatz 1<br \/>\n99867 Gotha<br \/>\nTel.: +49 361.737-5564<br \/>\nFax: +49 361.737-5539<br \/>\n<a href=\"mailto:matthias.rekow@uni-erfurt.de\">matthias.rekow@uni-erfurt.de<\/a><\/p>\n","protected":false},"excerpt":{"rendered":"<p>&#8230; nimmt im Rahmen des Verbunds eine Sondierung der handschriftlichen \u00dcberlieferung zu den naturwissenschaftlichen Aktivit\u00e4ten auf Schloss Friedenstein vor und erschlie\u00dft die Materialien in der Forschungsbibliothek und im Staatsarchiv Gotha. Er studierte Vermessungswesen an der HTW Dresden (FH) und Neuere und Neueste Geschichte, Politikwissenschaft sowie\u00a0 Wirtschafts- und Sozialgeschichte an der TU Dresden. Seine Forschungsinteressen liegen &hellip; <\/p>\n<p class=\"link-more\"><a href=\"https:\/\/www.gotha3.de\/forschungsblog\/matthias-rekow\" class=\"more-link\"><span class=\"screen-reader-text\">\u201eDr. Matthias Rekow, Dipl.-Ing. (FH)\u201c<\/span> weiterlesen<\/a><\/p>\n","protected":false},"author":2,"featured_media":0,"parent":0,"menu_order":0,"comment_status":"closed","ping_status":"closed","template":"","meta":[],"post_mailing_queue_ids":[],"_links":{"self":[{"href":"https:\/\/www.gotha3.de\/forschungsblog\/wp-json\/wp\/v2\/pages\/2320"}],"collection":[{"href":"https:\/\/www.gotha3.de\/forschungsblog\/wp-json\/wp\/v2\/pages"}],"about":[{"href":"https:\/\/www.gotha3.de\/forschungsblog\/wp-json\/wp\/v2\/types\/page"}],"author":[{"embeddable":true,"href":"https:\/\/www.gotha3.de\/forschungsblog\/wp-json\/wp\/v2\/users\/2"}],"replies":[{"embeddable":true,"href":"https:\/\/www.gotha3.de\/forschungsblog\/wp-json\/wp\/v2\/comments?post=2320"}],"version-history":[{"count":37,"href":"https:\/\/www.gotha3.de\/forschungsblog\/wp-json\/wp\/v2\/pages\/2320\/revisions"}],"predecessor-version":[{"id":5249,"href":"https:\/\/www.gotha3.de\/forschungsblog\/wp-json\/wp\/v2\/pages\/2320\/revisions\/5249"}],"wp:attachment":[{"href":"https:\/\/www.gotha3.de\/forschungsblog\/wp-json\/wp\/v2\/media?parent=2320"}],"curies":[{"name":"wp","href":"https:\/\/api.w.org\/{rel}","templated":true}]}}