{"id":3411,"date":"2018-08-14T09:53:15","date_gmt":"2018-08-14T07:53:15","guid":{"rendered":"https:\/\/www.gotha3.de\/forschungsblog\/?post_type=tribe_events&#038;p=3411"},"modified":"2021-09-01T17:54:29","modified_gmt":"2021-09-01T15:54:29","slug":"projekttag-mit-dem-landesamt-fuer-vermessung-und-geoinformation-erfurt","status":"publish","type":"tribe_events","link":"https:\/\/www.gotha3.de\/forschungsblog\/event\/projekttag-mit-dem-landesamt-fuer-vermessung-und-geoinformation-erfurt","title":{"rendered":"Eine Vermessungszeitreise &#8211; Projekttag mit dem Landesamt f\u00fcr Vermessung und Geoinformation Erfurt"},"content":{"rendered":"<p>Der Sammlungs- und Forschungsverbund Gotha, bestehend aus der Forschungsbibliothek und dem Forschungszentrum Gotha der Universit\u00e4t Erfurt sowie der Stiftung Schloss Friedenstein Gotha, f\u00fchrt zusammen mit dem Th\u00fcringer Landesamt f\u00fcr Vermessung und Geoinformation Erfurt am 26. September auf dem Innenhof des Schlosses Friedenstein unter dem Titel \u201eVermessungs-Zeitreise\u201c einen Projekttag f\u00fcr Sch\u00fclerinnen und Sch\u00fcler durch. Die Veranstaltung l\u00e4uft von 10 bis 12 sowie von 13 bis 16.30 Uhr.<\/p>\n<p>Mehrere Sch\u00fclergruppen aus dem Perthes-Gymnasium Friedrichroda und dem Gustav-Freytag-Gymnasium Gotha bekommen an f\u00fcnf Stationen einen Einblick in die Entwicklung der Vermessung vom Ausgang des 18. Jahrhunderts bis zur Gegenwart sowie Informationen zu Ausbildungs- und Studienm\u00f6glichkeiten auf dem Gebiet der Vermessung und Geomatik. So wird es eine Station zur Seeberg-Sternwarte Gotha als Meilenstein f\u00fcr die Vermessungs- und Kartographiegeschichte Gothas und Th\u00fcringens geben. Eine andere Station besch\u00e4ftigt sich unter dem Titel \u201eVermessung hoch hinaus \u2013 Feldrechner und Drohne\u201c mit den neuen M\u00f6glichkeiten der digitalen Landvermessung. Bei der Berufs- und Studienorientierung informiert das Th\u00fcringer Landesamt f\u00fcr Vermessung und Geoinformation \u00fcber den Ausbildungsberuf \u201eGeomatiker\u201c sowie \u00fcber das Duale Studium \u201eVermessung und Geoinformatik\u201c. Das vollst\u00e4ndige <strong><a href=\"https:\/\/www.gotha3.de\/forschungsblog\/wp-content\/uploads\/2018\/09\/Hinweis_Projekttag_26092018.pdf\">Programm<\/a>, <a href=\"https:\/\/www.gotha3.de\/forschungsblog\/wp-content\/uploads\/2018\/10\/Flyer_ProjekttagVermessungszeitreise.pdf\">Flyer<\/a> <\/strong>und\u00a0<strong><a href=\"https:\/\/www.gotha3.de\/forschungsblog\/wp-content\/uploads\/2018\/09\/Vermessungszeitreise-Plakat.pdf\">Plakat<\/a><\/strong> des Th\u00fcringer Landesamtes f\u00fcr Vermessung und Geoinformation f\u00fcr den Pojekttag\u00a0 stehen \u00fcber die entsprechenden Links zum download bereit.<\/p>\n<p>Die Gesamtleitung und -koordination erfolgt durch Dr. des. <a href=\"https:\/\/www.gotha3.de\/forschungsblog\/matthias-rekow\/mehr-zu-matthias-rekow\">Matthias Rekow<\/a> (Wiss. Mitarbeiter des Sammlungs- und Forschungsverbunds Projekt \u201eGotha um 1800\u201c, Universit\u00e4t Erfurt) in Zusammenarbeit mit dem Th\u00fcringer Landesamt f\u00fcr Vermessung und Geoinformation.<\/p>\n<p>Die Veranstaltung ist ausgebucht, so dass leider keine weiteren Anmeldungen angenommen werden k\u00f6nnen.<\/p>\n<p>&nbsp;<\/p>\n<p>Ein kleiner Bericht mit einer attraktiven Photostrecke finden Sie auf der Internetpr\u00e4senz des Freistaates Th\u00fcringen unter dem Landesamt f\u00fcr Vermessung und Geoinformation Th\u00fcringen.<\/p>\n<p><strong>Links:<\/strong><\/p>\n<p><a href=\"https:\/\/www.thueringen.de\/th9\/tlvermgeo\/\"><em>https:\/\/www.thueringen.de\/th9\/tlvermgeo\/<\/em><\/a><\/p>\n<p><a href=\"https:\/\/www.thueringen.de\/th9\/tlbg\/wir-ueber-uns\/aktuelle-informationen\/themen\/107404\/index.aspx\">https:\/\/www.thueringen.de\/th9\/tlbg\/wir-ueber-uns\/aktuelle-informationen\/themen\/107404\/index.aspx<\/a><\/p>\n<p>TKVV-Heft Nr. 43, S. 34: <a href=\"https:\/\/www.thueringen.de\/mam\/th9\/tkvv_heft_43_2018_neu.pdf\">https:\/\/www.thueringen.de\/mam\/th9\/tkvv_heft_43_2018_neu.pdf<\/a><\/p>\n<p>&nbsp;<\/p>\n<p><strong>Weitere Informationen\/Kontakt<\/strong><\/p>\n<p>Dr. des. <a href=\"https:\/\/www.gotha3.de\/forschungsblog\/matthias-rekow\/mehr-zu-matthias-rekow\">Matthias Rekow<\/a><\/p>\n<p>Sammlungs- und Forschungsverbund Gotha<\/p>\n<p>Tel.: +49 361 737-5564<\/p>\n<p>E-Mail: matthias.rekow@uni-erfurt.de<\/p>\n<p>&nbsp;<\/p>\n<p><img decoding=\"async\" loading=\"lazy\" class=\"alignnone size-medium wp-image-3437\" src=\"https:\/\/www.gotha3.de\/forschungsblog\/wp-content\/uploads\/2018\/08\/Vermessungszeitreise-Plakat-213x300.jpg\" alt=\"\" width=\"213\" height=\"300\" srcset=\"https:\/\/www.gotha3.de\/forschungsblog\/wp-content\/uploads\/2018\/08\/Vermessungszeitreise-Plakat-213x300.jpg 213w, https:\/\/www.gotha3.de\/forschungsblog\/wp-content\/uploads\/2018\/08\/Vermessungszeitreise-Plakat-768x1084.jpg 768w, https:\/\/www.gotha3.de\/forschungsblog\/wp-content\/uploads\/2018\/08\/Vermessungszeitreise-Plakat-725x1024.jpg 725w, https:\/\/www.gotha3.de\/forschungsblog\/wp-content\/uploads\/2018\/08\/Vermessungszeitreise-Plakat.jpg 850w\" sizes=\"(max-width: 213px) 100vw, 213px\" \/><\/p>\n","protected":false},"excerpt":{"rendered":"<p>Der Sammlungs- und Forschungsverbund Gotha, bestehend aus der Forschungsbibliothek und dem Forschungszentrum Gotha der Universit\u00e4t Erfurt sowie der Stiftung Schloss Friedenstein Gotha, f\u00fchrt zusammen mit dem Th\u00fcringer Landesamt f\u00fcr Vermessung und Geoinformation Erfurt am 26. September auf dem Innenhof des Schlosses Friedenstein unter dem Titel \u201eVermessungs-Zeitreise\u201c einen Projekttag f\u00fcr Sch\u00fclerinnen und Sch\u00fcler durch. Die Veranstaltung &hellip; <\/p>\n<p class=\"link-more\"><a href=\"https:\/\/www.gotha3.de\/forschungsblog\/event\/projekttag-mit-dem-landesamt-fuer-vermessung-und-geoinformation-erfurt\" class=\"more-link\"><span class=\"screen-reader-text\">\u201eEine Vermessungszeitreise &#8211; Projekttag mit dem Landesamt f\u00fcr Vermessung und Geoinformation Erfurt\u201c<\/span> weiterlesen<\/a><\/p>\n","protected":false},"author":7,"featured_media":3437,"comment_status":"open","ping_status":"closed","template":"","meta":[],"tags":[217,235,219,91,111,112,220,243,233,222,221,159,216,224,223,218],"tribe_events_cat":[214],"post_mailing_queue_ids":[],"_links":{"self":[{"href":"https:\/\/www.gotha3.de\/forschungsblog\/wp-json\/wp\/v2\/tribe_events\/3411"}],"collection":[{"href":"https:\/\/www.gotha3.de\/forschungsblog\/wp-json\/wp\/v2\/tribe_events"}],"about":[{"href":"https:\/\/www.gotha3.de\/forschungsblog\/wp-json\/wp\/v2\/types\/tribe_events"}],"author":[{"embeddable":true,"href":"https:\/\/www.gotha3.de\/forschungsblog\/wp-json\/wp\/v2\/users\/7"}],"replies":[{"embeddable":true,"href":"https:\/\/www.gotha3.de\/forschungsblog\/wp-json\/wp\/v2\/comments?post=3411"}],"version-history":[{"count":23,"href":"https:\/\/www.gotha3.de\/forschungsblog\/wp-json\/wp\/v2\/tribe_events\/3411\/revisions"}],"predecessor-version":[{"id":5119,"href":"https:\/\/www.gotha3.de\/forschungsblog\/wp-json\/wp\/v2\/tribe_events\/3411\/revisions\/5119"}],"wp:featuredmedia":[{"embeddable":true,"href":"https:\/\/www.gotha3.de\/forschungsblog\/wp-json\/wp\/v2\/media\/3437"}],"wp:attachment":[{"href":"https:\/\/www.gotha3.de\/forschungsblog\/wp-json\/wp\/v2\/media?parent=3411"}],"wp:term":[{"taxonomy":"post_tag","embeddable":true,"href":"https:\/\/www.gotha3.de\/forschungsblog\/wp-json\/wp\/v2\/tags?post=3411"},{"taxonomy":"tribe_events_cat","embeddable":true,"href":"https:\/\/www.gotha3.de\/forschungsblog\/wp-json\/wp\/v2\/tribe_events_cat?post=3411"}],"curies":[{"name":"wp","href":"https:\/\/api.w.org\/{rel}","templated":true}]}}

Eine Vermessungszeitreise &#8211; Projekttag mit dem Landesamt für Vermessung und Geoinformation Erfurt

<p>Der Sammlungs- und Forschungsverbund Gotha, bestehend aus der Forschungsbibliothek und dem Forschungszentrum Gotha der Universität Erfurt sowie der Stiftung Schloss Friedenstein Gotha, führt zusammen mit dem Thüringer Landesamt für Vermessung und Geoinformation Erfurt am 26. September auf dem Innenhof des Schlosses Friedenstein unter dem Titel „Vermessungs-Zeitreise“ einen Projekttag für Schülerinnen und Schüler durch. Die Veranstaltung läuft von 10 bis 12 sowie von 13 bis 16.30 Uhr.</p>
<p>Mehrere Schülergruppen aus dem Perthes-Gymnasium Friedrichroda und dem Gustav-Freytag-Gymnasium Gotha bekommen an fünf Stationen einen Einblick in die Entwicklung der Vermessung vom Ausgang des 18. Jahrhunderts bis zur Gegenwart sowie Informationen zu Ausbildungs- und Studienmöglichkeiten auf dem Gebiet der Vermessung und Geomatik. So wird es eine Station zur Seeberg-Sternwarte Gotha als Meilenstein für die Vermessungs- und Kartographiegeschichte Gothas und Thüringens geben. Eine andere Station beschäftigt sich unter dem Titel „Vermessung hoch hinaus – Feldrechner und Drohne“ mit den neuen Möglichkeiten der digitalen Landvermessung. Bei der Berufs- und Studienorientierung informiert das Thüringer Landesamt für Vermessung und Geoinformation über den Ausbildungsberuf „Geomatiker“ sowie über das Duale Studium „Vermessung und Geoinformatik“. Das vollständige <strong><a href="https://www.gotha3.de/forschungsblog/wp-content/uploads/2018/09/Hinweis_Projekttag_26092018.pdf">Programm</a>, <a href="https://www.gotha3.de/forschungsblog/wp-content/uploads/2018/10/Flyer_ProjekttagVermessungszeitreise.pdf">Flyer</a> </strong>und <strong><a href="https://www.gotha3.de/forschungsblog/wp-content/uploads/2018/09/Vermessungszeitreise-Plakat.pdf">Plakat</a></strong> des Thüringer Landesamtes für Vermessung und Geoinformation für den Pojekttag  stehen über die entsprechenden Links zum download bereit.</p>
<p>Die Gesamtleitung und -koordination erfolgt durch Dr. des. <a href="https://www.gotha3.de/forschungsblog/matthias-rekow/mehr-zu-matthias-rekow">Matthias Rekow</a> (Wiss. Mitarbeiter des Sammlungs- und Forschungsverbunds Projekt „Gotha um 1800“, Universität Erfurt) in Zusammenarbeit mit dem Thüringer Landesamt für Vermessung und Geoinformation.</p>
<p>Die Veranstaltung ist ausgebucht, so dass leider keine weiteren Anmeldungen angenommen werden können.</p>
<p>&nbsp;</p>
<p>Ein kleiner Bericht mit einer attraktiven Photostrecke finden Sie auf der Internetpräsenz des Freistaates Thüringen unter dem Landesamt für Vermessung und Geoinformation Thüringen.</p>
<p><strong>Links:</strong></p>
<p><a href="https://www.thueringen.de/th9/tlvermgeo/"><em>https://www.thueringen.de/th9/tlvermgeo/</em></a></p>
<p><a href="https://www.thueringen.de/th9/tlbg/wir-ueber-uns/aktuelle-informationen/themen/107404/index.aspx">https://www.thueringen.de/th9/tlbg/wir-ueber-uns/aktuelle-informationen/themen/107404/index.aspx</a></p>
<p>TKVV-Heft Nr. 43, S. 34: <a href="https://www.thueringen.de/mam/th9/tkvv_heft_43_2018_neu.pdf">https://www.thueringen.de/mam/th9/tkvv_heft_43_2018_neu.pdf</a></p>
<p>&nbsp;</p>
<p><strong>Weitere Informationen/Kontakt</strong></p>
<p>Dr. des. <a href="https://www.gotha3.de/forschungsblog/matthias-rekow/mehr-zu-matthias-rekow">Matthias Rekow</a></p>
<p>Sammlungs- und Forschungsverbund Gotha</p>
<p>Tel.: +49 361 737-5564</p>
<p>E-Mail: matthias.rekow@uni-erfurt.de</p>
<p>&nbsp;</p>
<p><img decoding="async" loading="lazy" class="alignnone size-medium wp-image-3437" src="https://www.gotha3.de/forschungsblog/wp-content/uploads/2018/08/Vermessungszeitreise-Plakat-213x300.jpg" alt="" width="213" height="300" srcset="https://www.gotha3.de/forschungsblog/wp-content/uploads/2018/08/Vermessungszeitreise-Plakat-213x300.jpg 213w, https://www.gotha3.de/forschungsblog/wp-content/uploads/2018/08/Vermessungszeitreise-Plakat-768x1084.jpg 768w, https://www.gotha3.de/forschungsblog/wp-content/uploads/2018/08/Vermessungszeitreise-Plakat-725x1024.jpg 725w, https://www.gotha3.de/forschungsblog/wp-content/uploads/2018/08/Vermessungszeitreise-Plakat.jpg 850w" sizes="(max-width: 213px) 100vw, 213px" /></p>

<p>Der Sammlungs- und Forschungsverbund Gotha, bestehend aus der Forschungsbibliothek und dem Forschungszentrum Gotha der Universität Erfurt sowie der Stiftung Schloss Friedenstein Gotha, führt zusammen mit dem Thüringer Landesamt für Vermessung und Geoinformation Erfurt am 26. September auf dem Innenhof des Schlosses Friedenstein unter dem Titel „Vermessungs-Zeitreise“ einen Projekttag für Schülerinnen und Schüler durch. Die Veranstaltung &hellip; </p>
<p class="link-more"><a href="https://www.gotha3.de/forschungsblog/event/projekttag-mit-dem-landesamt-fuer-vermessung-und-geoinformation-erfurt" class="more-link"><span class="screen-reader-text">„Eine Vermessungszeitreise &#8211; Projekttag mit dem Landesamt für Vermessung und Geoinformation Erfurt“</span> weiterlesen</a></p>
